[INFO] cloning repository https://github.com/KerryRJ/ds18b20
[INFO] running `Command { std: "git" "-c" "credential.helper=" "-c" "credential.helper=/workspace/cargo-home/bin/git-credential-null" "clone" "--bare" "https://github.com/KerryRJ/ds18b20" "/workspace/cache/git-repos/https%3A%2F%2Fgithub.com%2FKerryRJ%2Fds18b20", kill_on_drop: false }`
[INFO] [stderr] Cloning into bare repository '/workspace/cache/git-repos/https%3A%2F%2Fgithub.com%2FKerryRJ%2Fds18b20'...
[INFO] running `Command { std: "git" "rev-parse" "HEAD", kill_on_drop: false }`
[INFO] [stdout] d1c3b36671e980e0265f1376934a38cbcc0ff685
[INFO] checking KerryRJ/ds18b20 against master#e6e4f7ed1589e03bc2f6c5931c1a72e7947e8682 for beta-170-4
[INFO] running `Command { std: "git" "clone" "/workspace/cache/git-repos/https%3A%2F%2Fgithub.com%2FKerryRJ%2Fds18b20" "/workspace/builds/worker-7-tc2/source", kill_on_drop: false }`
[INFO] [stderr] Cloning into '/workspace/builds/worker-7-tc2/source'...
[INFO] [stderr] done.
[INFO] validating manifest of git repo https://github.com/KerryRJ/ds18b20 on toolchain e6e4f7ed1589e03bc2f6c5931c1a72e7947e8682
[INFO] running `Command { std: CARGO_HOME="/workspace/cargo-home" RUSTUP_HOME="/workspace/rustup-home" "/workspace/cargo-home/bin/cargo" "+e6e4f7ed1589e03bc2f6c5931c1a72e7947e8682" "metadata" "--manifest-path" "Cargo.toml" "--no-deps", kill_on_drop: false }`
[INFO] started tweaking git repo https://github.com/KerryRJ/ds18b20
[INFO] finished tweaking git repo https://github.com/KerryRJ/ds18b20
[INFO] tweaked toml for git repo https://github.com/KerryRJ/ds18b20 written to /workspace/builds/worker-7-tc2/source/Cargo.toml
[INFO] crate git repo https://github.com/KerryRJ/ds18b20 already has a lockfile, it will not be regenerated
[INFO] running `Command { std: CARGO_HOME="/workspace/cargo-home" RUSTUP_HOME="/workspace/rustup-home" "/workspace/cargo-home/bin/cargo" "+e6e4f7ed1589e03bc2f6c5931c1a72e7947e8682" "fetch" "--manifest-path" "Cargo.toml", kill_on_drop: false }`
[INFO] running `Command { std: "docker" "create" "-v" "/var/lib/crater-agent-workspace/builds/worker-7-tc2/target:/opt/rustwide/target:rw,Z" "-v" "/var/lib/crater-agent-workspace/builds/worker-7-tc2/source:/opt/rustwide/workdir:ro,Z" "-v" "/var/lib/crater-agent-workspace/cargo-home:/opt/rustwide/cargo-home:ro,Z" "-v" "/var/lib/crater-agent-workspace/rustup-home:/opt/rustwide/rustup-home:ro,Z" "-e" "SOURCE_DIR=/opt/rustwide/workdir" "-e" "CARGO_TARGET_DIR=/opt/rustwide/target" "-e" "CARGO_HOME=/opt/rustwide/cargo-home" "-e" "RUSTUP_HOME=/opt/rustwide/rustup-home" "-w" "/opt/rustwide/workdir" "-m" "1610612736" "--user" "0:0" "--network" "none" "ghcr.io/rust-lang/crates-build-env/linux@sha256:19e73879b68f455e41552ea35293514db52ea292d993f571636dbffedb77a1ee" "/opt/rustwide/cargo-home/bin/cargo" "+e6e4f7ed1589e03bc2f6c5931c1a72e7947e8682" "metadata" "--no-deps" "--format-version=1", kill_on_drop: false }`
[INFO] [stdout] ce7356439a27c191be7dfad8d38d8d4ff12415f45526233b7d73197690418e18
[INFO] running `Command { std: "docker" "start" "-a" "ce7356439a27c191be7dfad8d38d8d4ff12415f45526233b7d73197690418e18", kill_on_drop: false }`
[INFO] running `Command { std: "docker" "inspect" "ce7356439a27c191be7dfad8d38d8d4ff12415f45526233b7d73197690418e18", kill_on_drop: false }`
[INFO] running `Command { std: "docker" "rm" "-f" "ce7356439a27c191be7dfad8d38d8d4ff12415f45526233b7d73197690418e18", kill_on_drop: false }`
[INFO] [stdout] ce7356439a27c191be7dfad8d38d8d4ff12415f45526233b7d73197690418e18
[INFO] running `Command { std: "docker" "create" "-v" "/var/lib/crater-agent-workspace/builds/worker-7-tc2/target:/opt/rustwide/target:rw,Z" "-v" "/var/lib/crater-agent-workspace/builds/worker-7-tc2/source:/opt/rustwide/workdir:ro,Z" "-v" "/var/lib/crater-agent-workspace/cargo-home:/opt/rustwide/cargo-home:ro,Z" "-v" "/var/lib/crater-agent-workspace/rustup-home:/opt/rustwide/rustup-home:ro,Z" "-e" "SOURCE_DIR=/opt/rustwide/workdir" "-e" "CARGO_TARGET_DIR=/opt/rustwide/target" "-e" "CARGO_INCREMENTAL=0" "-e" "RUST_BACKTRACE=full" "-e" "RUSTFLAGS=--cap-lints=forbid" "-e" "RUSTDOCFLAGS=--cap-lints=forbid" "-e" "CARGO_HOME=/opt/rustwide/cargo-home" "-e" "RUSTUP_HOME=/opt/rustwide/rustup-home" "-w" "/opt/rustwide/workdir" "-m" "1610612736" "--user" "0:0" "--network" "none" "ghcr.io/rust-lang/crates-build-env/linux@sha256:19e73879b68f455e41552ea35293514db52ea292d993f571636dbffedb77a1ee" "/opt/rustwide/cargo-home/bin/cargo" "+e6e4f7ed1589e03bc2f6c5931c1a72e7947e8682" "check" "--frozen" "--all" "--all-targets" "--message-format=json", kill_on_drop: false }`
[INFO] [stdout] b9de56d2220b4c7fbba8eb56d29d0bfae067dcd35a38314f3d5fc3a7186b06b9
[INFO] running `Command { std: "docker" "start" "-a" "b9de56d2220b4c7fbba8eb56d29d0bfae067dcd35a38314f3d5fc3a7186b06b9", kill_on_drop: false }`
[INFO] [stderr]    Compiling proc-macro2 v1.0.37
[INFO] [stderr]    Compiling unicode-xid v0.2.2
[INFO] [stderr]     Checking nb v1.0.0
[INFO] [stderr]    Compiling syn v1.0.91
[INFO] [stderr]    Compiling paste v1.0.7
[INFO] [stderr]     Checking static_assertions v1.1.0
[INFO] [stderr]     Checking nb v0.1.3
[INFO] [stderr]     Checking embedded-hal v1.0.0-alpha.8 (https://github.com/rust-embedded/embedded-hal.git#bab00458)
[INFO] [stderr]     Checking embedded-hal v0.2.7
[INFO] [stderr]     Checking one-wire-bus v0.1.1
[INFO] [stderr]     Checking gcd v2.1.0
[INFO] [stderr]     Checking fugit v0.3.5
[INFO] [stderr]    Compiling quote v1.0.18
[INFO] [stderr]    Compiling modular-bitfield-impl v0.11.2
[INFO] [stderr]     Checking modular-bitfield v0.11.2
[INFO] [stderr]     Checking ds18b20 v0.1.0 (/opt/rustwide/workdir)
[INFO] [stdout] error[E0405]: cannot find trait `InputPin` in this scope
[INFO] [stdout]   --> src/lib.rs:82:12
[INFO] [stdout]    |
[INFO] [stdout] 82 |         T: InputPin<Error = E>,
[INFO] [stdout]    |            ^^^^^^^^ not found in this scope
[INFO] [stdout]    |
[INFO] [stdout] help: consider importing this trait
[INFO] [stdout]    |
[INFO] [stdout] 4  + use embedded_hal::digital::blocking::InputPin;
[INFO] [stdout]    |
[INFO] [stdout] 
[INFO] [stdout] 
[INFO] [stdout] error[E0405]: cannot find trait `OutputPin` in this scope
[INFO] [stdout]   --> src/lib.rs:83:12
[INFO] [stdout]    |
[INFO] [stdout] 83 |         T: OutputPin<Error = E>,
[INFO] [stdout]    |            ^^^^^^^^^ not found in this scope
[INFO] [stdout]    |
[INFO] [stdout] help: consider importing this trait
[INFO] [stdout]    |
[INFO] [stdout] 4  + use embedded_hal::digital::blocking::OutputPin;
[INFO] [stdout]    |
[INFO] [stdout] 
[INFO] [stdout] 
[INFO] [stdout] error[E0405]: cannot find trait `DelayUs` in this scope
[INFO] [stdout]   --> src/lib.rs:80:77
[INFO] [stdout]    |
[INFO] [stdout] 80 |     pub fn convertT<T, E>(&self, onewire: &mut OneWire<T>, delay: &mut impl DelayUs<u16>) -> OneWireResult<(), E>
[INFO] [stdout]    |                                                                             ^^^^^^^ not found in this scope
[INFO] [stdout]    |
[INFO] [stdout] help: consider importing this trait
[INFO] [stdout]    |
[INFO] [stdout] 4  + use embedded_hal::delay::blocking::DelayUs;
[INFO] [stdout]    |
[INFO] [stdout] 
[INFO] [stdout] 
[INFO] [stdout] error[E0405]: cannot find trait `InputPin` in this scope
[INFO] [stdout]   --> src/lib.rs:82:12
[INFO] [stdout]    |
[INFO] [stdout] 82 |         T: InputPin<Error = E>,
[INFO] [stdout]    |            ^^^^^^^^ not found in this scope
[INFO] [stdout]    |
[INFO] [stdout] help: consider importing this trait
[INFO] [stdout]    |
[INFO] [stdout] 4  + use embedded_hal::digital::blocking::InputPin;
[INFO] [stdout]    |
[INFO] [stdout] 
[INFO] [stdout] 
[INFO] [stdout] error[E0405]: cannot find trait `OutputPin` in this scope
[INFO] [stdout]   --> src/lib.rs:83:12
[INFO] [stdout]    |
[INFO] [stdout] 83 |         T: OutputPin<Error = E>,
[INFO] [stdout]    |            ^^^^^^^^^ not found in this scope
[INFO] [stdout]    |
[INFO] [stdout] help: consider importing this trait
[INFO] [stdout]    |
[INFO] [stdout] 4  + use embedded_hal::digital::blocking::OutputPin;
[INFO] [stdout]    |
[INFO] [stdout] 
[INFO] [stdout] 
[INFO] [stdout] error[E0405]: cannot find trait `DelayUs` in this scope
[INFO] [stdout]   --> src/lib.rs:80:77
[INFO] [stdout]    |
[INFO] [stdout] 80 |     pub fn convertT<T, E>(&self, onewire: &mut OneWire<T>, delay: &mut impl DelayUs<u16>) -> OneWireResult<(), E>
[INFO] [stdout]    |                                                                             ^^^^^^^ not found in this scope
[INFO] [stdout]    |
[INFO] [stdout] help: consider importing this trait
[INFO] [stdout]    |
[INFO] [stdout] 4  + use embedded_hal::delay::blocking::DelayUs;
[INFO] [stdout]    |
[INFO] [stdout] 
[INFO] [stdout] 
[INFO] [stdout] error[E0433]: failed to resolve: use of undeclared crate or module `commands`
[INFO] [stdout]   --> src/lib.rs:85:30
[INFO] [stdout]    |
[INFO] [stdout] 85 |         onewire.send_command(commands::CONVERTT, Some(&self.address), delay)?;
[INFO] [stdout]    |                              ^^^^^^^^ use of undeclared crate or module `commands`
[INFO] [stdout] 
[INFO] [stdout] 
[INFO] [stdout] error: aborting due to 4 previous errors
[INFO] [stdout] 
[INFO] [stdout] 
[INFO] [stdout] Some errors have detailed explanations: E0405, E0433.
[INFO] [stdout] 
[INFO] [stdout] For more information about an error, try `rustc --explain E0405`.
[INFO] [stdout] 
[INFO] [stdout] error[E0433]: failed to resolve: use of undeclared crate or module `commands`
[INFO] [stdout]   --> src/lib.rs:85:30
[INFO] [stdout]    |
[INFO] [stdout] 85 |         onewire.send_command(commands::CONVERTT, Some(&self.address), delay)?;
[INFO] [stdout]    |                              ^^^^^^^^ use of undeclared crate or module `commands`
[INFO] [stdout] 
[INFO] [stdout] 
[INFO] [stdout] error: aborting due to 4 previous errors
[INFO] [stdout] 
[INFO] [stdout] 
[INFO] [stdout] Some errors have detailed explanations: E0405, E0433.
[INFO] [stdout] 
[INFO] [stdout] For more information about an error, try `rustc --explain E0405`.
[INFO] [stdout] 
[INFO] [stderr] error: could not compile `ds18b20` (lib test) due to 5 previous errors
[INFO] [stderr] warning: build failed, waiting for other jobs to finish...
[INFO] [stderr] error: could not compile `ds18b20` (lib) due to 5 previous errors
[INFO] running `Command { std: "docker" "inspect" "b9de56d2220b4c7fbba8eb56d29d0bfae067dcd35a38314f3d5fc3a7186b06b9", kill_on_drop: false }`
[INFO] running `Command { std: "docker" "rm" "-f" "b9de56d2220b4c7fbba8eb56d29d0bfae067dcd35a38314f3d5fc3a7186b06b9", kill_on_drop: false }`
[INFO] [stdout] b9de56d2220b4c7fbba8eb56d29d0bfae067dcd35a38314f3d5fc3a7186b06b9
